{"id":148,"date":"2026-04-10T14:47:28","date_gmt":"2026-04-10T13:47:28","guid":{"rendered":"https:\/\/pokegema.com\/?post_type=product&#038;p=148"},"modified":"2026-04-10T14:47:28","modified_gmt":"2026-04-10T13:47:28","slug":"pokemon-day-2026","status":"publish","type":"product","link":"https:\/\/pokegema.com\/?product=pokemon-day-2026","title":{"rendered":"Pokemon Day 2026"},"content":{"rendered":"<p>Colecci\u00f3n especial de Pok\u00e9mon Day 2026 que incluye <strong data-start=\"51\" data-end=\"78\">3 sobres de Pok\u00e9mon TCG<\/strong>, una carta promocional hologr\u00e1fica de Pikachu con sello conmemorativo y una moneda met\u00e1lica tem\u00e1tica. Presentada en un empaque exclusivo del 30\u00ba aniversario, es una edici\u00f3n limitada ideal para coleccionistas y jugadores.<\/p>\n","protected":false},"excerpt":{"rendered":"<p>-3 sobres pok\u00e9mon TCG<\/p>\n<p>-1 carta promocional hologr\u00e1fica de Pikachu con sello conmemorativo<\/p>\n<p>-1\u00a0moneda met\u00e1lica tem\u00e1tica<\/p>\n","protected":false},"featured_media":149,"comment_status":"open","ping_status":"closed","template":"","meta":[],"product_brand":[],"product_cat":[28],"product_tag":[30],"class_list":{"0":"post-148","1":"product","2":"type-product","3":"status-publish","4":"has-post-thumbnail","6":"product_cat-coleccion-especial","7":"product_tag-pokemon-day-2026","9":"first","10":"instock","11":"taxable","12":"shipping-taxable","13":"purchasable","14":"product-type-simple"},"_links":{"self":[{"href":"https:\/\/pokegema.com\/index.php?rest_route=\/wp\/v2\/product\/148","targetHints":{"allow":["GET"]}}],"collection":[{"href":"https:\/\/pokegema.com\/index.php?rest_route=\/wp\/v2\/product"}],"about":[{"href":"https:\/\/pokegema.com\/index.php?rest_route=\/wp\/v2\/types\/product"}],"replies":[{"embeddable":true,"href":"https:\/\/pokegema.com\/index.php?rest_route=%2Fwp%2Fv2%2Fcomments&post=148"}],"wp:featuredmedia":[{"embeddable":true,"href":"https:\/\/pokegema.com\/index.php?rest_route=\/wp\/v2\/media\/149"}],"wp:attachment":[{"href":"https:\/\/pokegema.com\/index.php?rest_route=%2Fwp%2Fv2%2Fmedia&parent=148"}],"wp:term":[{"taxonomy":"product_brand","embeddable":true,"href":"https:\/\/pokegema.com\/index.php?rest_route=%2Fwp%2Fv2%2Fproduct_brand&post=148"},{"taxonomy":"product_cat","embeddable":true,"href":"https:\/\/pokegema.com\/index.php?rest_route=%2Fwp%2Fv2%2Fproduct_cat&post=148"},{"taxonomy":"product_tag","embeddable":true,"href":"https:\/\/pokegema.com\/index.php?rest_route=%2Fwp%2Fv2%2Fproduct_tag&post=148"}],"curies":[{"name":"wp","href":"https:\/\/api.w.org\/{rel}","templated":true}]}}